{"id":1459,"date":"2024-06-09T23:59:38","date_gmt":"2024-06-09T21:59:38","guid":{"rendered":"https:\/\/nubi-desserts.fr\/?page_id=1459"},"modified":"2024-06-17T10:32:54","modified_gmt":"2024-06-17T08:32:54","slug":"tiramisu-choco-noisette-speculoos","status":"publish","type":"page","link":"https:\/\/nubi-desserts.fr\/index.php\/tiramisu-choco-noisette-speculoos\/","title":{"rendered":"Tiramisu Choco Noisette Sp\u00e9culoos"},"content":{"rendered":"\t\t<div data-elementor-type=\"wp-page\" data-elementor-id=\"1459\" class=\"elementor elementor-1459\" data-elementor-settings=\"{&quot;ha_cmc_init_switcher&quot;:&quot;no&quot;}\">\n\t\t\t\t<div class=\"elementor-element elementor-element-654ee5b e-flex e-con-boxed wpr-particle-no wpr-jarallax-no wpr-parallax-no wpr-sticky-section-no e-con e-parent\" data-id=\"654ee5b\" data-element_type=\"container\" data-settings=\"{&quot;_ha_eqh_enable&quot;:false}\">\n\t\t\t\t\t<div class=\"e-con-inner\">\n\t\t\t\t<div class=\"elementor-element elementor-element-befeba2 elementor-widget elementor-widget-heading\" data-id=\"befeba2\" data-element_type=\"widget\" data-widget_type=\"heading.default\">\n\t\t\t\t<div class=\"elementor-widget-container\">\n\t\t\t\t\t<h2 class=\"elementor-heading-title elementor-size-default\">TIRAMISU Chocolat Noisette Sp\u00e9culoos<\/h2>\t\t\t\t<\/div>\n\t\t\t\t<\/div>\n\t\t\t\t\t<\/div>\n\t\t\t\t<\/div>\n\t\t<div class=\"elementor-element elementor-element-135cdc8 e-flex e-con-boxed wpr-particle-no wpr-jarallax-no wpr-parallax-no wpr-sticky-section-no e-con e-parent\" data-id=\"135cdc8\" data-element_type=\"container\" data-settings=\"{&quot;_ha_eqh_enable&quot;:false}\">\n\t\t\t\t\t<div class=\"e-con-inner\">\n\t\t<div class=\"elementor-element elementor-element-b35f586 e-con-full e-flex wpr-particle-no wpr-jarallax-no wpr-parallax-no wpr-sticky-section-no e-con e-child\" data-id=\"b35f586\" data-element_type=\"container\" data-settings=\"{&quot;_ha_eqh_enable&quot;:false}\">\n\t\t\t\t<div class=\"elementor-element elementor-element-ce8f6dc elementor-widget elementor-widget-image\" data-id=\"ce8f6dc\" data-element_type=\"widget\" data-widget_type=\"image.default\">\n\t\t\t\t<div class=\"elementor-widget-container\">\n\t\t\t\t\t\t\t\t\t\t\t\t\t\t\t<img fetchpriority=\"high\" decoding=\"async\" width=\"800\" height=\"800\" src=\"https:\/\/nubi-desserts.fr\/wp-content\/uploads\/2024\/06\/choconoisette-spe-min-1024x1024.webp\" class=\"attachment-large size-large wp-image-2423\" alt=\"\" srcset=\"https:\/\/nubi-desserts.fr\/wp-content\/uploads\/2024\/06\/choconoisette-spe-min-1024x1024.webp 1024w, https:\/\/nubi-desserts.fr\/wp-content\/uploads\/2024\/06\/choconoisette-spe-min-300x300.webp 300w, https:\/\/nubi-desserts.fr\/wp-content\/uploads\/2024\/06\/choconoisette-spe-min-150x150.webp 150w, https:\/\/nubi-desserts.fr\/wp-content\/uploads\/2024\/06\/choconoisette-spe-min-768x768.webp 768w, https:\/\/nubi-desserts.fr\/wp-content\/uploads\/2024\/06\/choconoisette-spe-min-1536x1536.webp 1536w, https:\/\/nubi-desserts.fr\/wp-content\/uploads\/2024\/06\/choconoisette-spe-min.webp 2000w\" sizes=\"(max-width: 800px) 100vw, 800px\" \/>\t\t\t\t\t\t\t\t\t\t\t\t\t\t\t<\/div>\n\t\t\t\t<\/div>\n\t\t\t\t<div class=\"elementor-element elementor-element-1302a2d4 content-align-cta-default elementor-widget elementor-widget-eael-cta-box\" data-id=\"1302a2d4\" data-element_type=\"widget\" data-widget_type=\"eael-cta-box.default\">\n\t\t\t\t<div class=\"elementor-widget-container\">\n\t\t\t\t\t\t\t<div class=\"eael-call-to-action cta-basic bg-lite cta-preset-1\">\n        <h2 class=\"title\">Envie de commercialiser nos produits ?<\/h2><p>Contactez-nous pour une collaboration savoureuse !<\/p><a href=\"https:\/\/nubi-desserts.fr\/index.php\/partenaire\/\" class=\"cta-button  \">Devenir partenaire<\/a>\t<\/div>\n\t\t\t\t\t\t\t\t<\/div>\n\t\t\t\t<\/div>\n\t\t\t\t<\/div>\n\t\t<div class=\"elementor-element elementor-element-eb05da6 e-con-full e-flex wpr-particle-no wpr-jarallax-no wpr-parallax-no wpr-sticky-section-no e-con e-child\" data-id=\"eb05da6\" data-element_type=\"container\" data-settings=\"{&quot;_ha_eqh_enable&quot;:false}\">\n\t\t\t\t<div class=\"elementor-element elementor-element-ec28ca9 eael-table-align-left eael-dt-th-align-left elementor-widget elementor-widget-eael-data-table\" data-id=\"ec28ca9\" data-element_type=\"widget\" data-widget_type=\"eael-data-table.default\">\n\t\t\t\t<div class=\"elementor-widget-container\">\n\t\t\t\t\t\t\t<div class=\"eael-data-table-wrap\" data-table_id=\"ec28ca9\" id=\"eael-data-table-wrapper-ec28ca9\" data-custom_responsive=\"false\">\n\t\t\t<table class=\"tablesorter eael-data-table left\" id=\"eael-data-table-ec28ca9\">\n\t\t\t    <thead>\n\t\t\t        <tr class=\"table-header\">\n\t\t\t\t\t\t\t\t\t            <th class=\"\" id=\"\" colspan=\"\">\n\t\t\t\t\t\t\t\t\t\t\t\t\t\t<span class=\"data-table-header-text\">Valeurs nutritionnelles moyennes pour 100g<\/span><\/th>\n\t\t\t        \t\t\t\t            <th class=\"\" id=\"\" colspan=\"\">\n\t\t\t\t\t\t\t\t\t\t\t\t\t\t<span class=\"data-table-header-text\"><\/span><\/th>\n\t\t\t        \t\t\t\t        <\/tr>\n\t\t\t    <\/thead>\n\t\t\t  \t<tbody>\n\t\t\t\t\t\t\t\t\t\t\t<tr>\n\t\t\t\t\t\t\t\t\t\t\t\t\t\t\t\t   \t\t\t\t\t\t\t\t\t\t\t<td colspan=\"\" rowspan=\"\" class=\"\" id=\"\">\n\t\t\t\t\t\t\t\t\t\t\t\t<div class=\"td-content-wrapper\"><div class=\"td-content\">\n\t\t\t\t\t\t\t\t\t\t\t\t\tEnergie\t\t\t\t\t\t\t\t\t\t\t\t<\/div><\/div>\n\t\t\t\t\t\t\t\t\t\t\t<\/td>\n\t\t\t\t\t\t\t\t\t\t\t\t\t\t\t\t\t\t\t\t\t\t\t\t\t\t\t\t\t   \t\t\t\t\t\t\t\t\t\t\t<td colspan=\"\" rowspan=\"\" class=\"\" id=\"\">\n\t\t\t\t\t\t\t\t\t\t\t\t<div class=\"td-content-wrapper\"><div class=\"td-content\">\n\t\t\t\t\t\t\t\t\t\t\t\t\t1437 kJ &#8211; 346 kcal\t\t\t\t\t\t\t\t\t\t\t\t<\/div><\/div>\n\t\t\t\t\t\t\t\t\t\t\t<\/td>\n\t\t\t\t\t\t\t\t\t\t\t\t\t\t\t\t\t\t\t\t\t\t\t\t\t\t<\/tr>\n\t\t\t        \t\t\t\t\t\t<tr>\n\t\t\t\t\t\t\t\t\t\t\t\t\t\t\t\t   \t\t\t\t\t\t\t\t\t\t\t<td colspan=\"\" rowspan=\"\" class=\"\" id=\"\">\n\t\t\t\t\t\t\t\t\t\t\t\t<div class=\"td-content-wrapper\"><div class=\"td-content\">\n\t\t\t\t\t\t\t\t\t\t\t\t\tMati\u00e8res grasses \ndont acides gras satur\u00e9s\t\t\t\t\t\t\t\t\t\t\t\t<\/div><\/div>\n\t\t\t\t\t\t\t\t\t\t\t<\/td>\n\t\t\t\t\t\t\t\t\t\t\t\t\t\t\t\t\t\t\t\t\t\t\t\t\t\t\t\t\t   \t\t\t\t\t\t\t\t\t\t\t<td colspan=\"\" rowspan=\"\" class=\"\" id=\"\">\n\t\t\t\t\t\t\t\t\t\t\t\t<div class=\"td-content-wrapper\"><div class=\"td-content\">\n\t\t\t\t\t\t\t\t\t\t\t\t\t25,9 g &#8211;\n16 g\t\t\t\t\t\t\t\t\t\t\t\t<\/div><\/div>\n\t\t\t\t\t\t\t\t\t\t\t<\/td>\n\t\t\t\t\t\t\t\t\t\t\t\t\t\t\t\t\t\t\t\t\t\t\t\t\t\t<\/tr>\n\t\t\t        \t\t\t\t\t\t<tr>\n\t\t\t\t\t\t\t\t\t\t\t\t\t\t\t\t   \t\t\t\t\t\t\t\t\t\t\t<td colspan=\"\" rowspan=\"\" class=\"\" id=\"\">\n\t\t\t\t\t\t\t\t\t\t\t\t<div class=\"td-content-wrapper\"><div class=\"td-content\">\n\t\t\t\t\t\t\t\t\t\t\t\t\tGlucides \ndont sucres \t\t\t\t\t\t\t\t\t\t\t\t<\/div><\/div>\n\t\t\t\t\t\t\t\t\t\t\t<\/td>\n\t\t\t\t\t\t\t\t\t\t\t\t\t\t\t\t\t\t\t\t\t\t\t\t\t\t\t\t\t   \t\t\t\t\t\t\t\t\t\t\t<td colspan=\"\" rowspan=\"\" class=\"\" id=\"\">\n\t\t\t\t\t\t\t\t\t\t\t\t<div class=\"td-content-wrapper\"><div class=\"td-content\">\n\t\t\t\t\t\t\t\t\t\t\t\t\t23,3 g &#8211; 20;6 g\t\t\t\t\t\t\t\t\t\t\t\t<\/div><\/div>\n\t\t\t\t\t\t\t\t\t\t\t<\/td>\n\t\t\t\t\t\t\t\t\t\t\t\t\t\t\t\t\t\t\t\t\t\t\t\t\t\t<\/tr>\n\t\t\t        \t\t\t\t\t\t<tr>\n\t\t\t\t\t\t\t\t\t\t\t\t\t\t\t\t   \t\t\t\t\t\t\t\t\t\t\t<td colspan=\"\" rowspan=\"\" class=\"\" id=\"\">\n\t\t\t\t\t\t\t\t\t\t\t\t<div class=\"td-content-wrapper\"><div class=\"td-content\">\n\t\t\t\t\t\t\t\t\t\t\t\t\tProt\u00e9ines\t\t\t\t\t\t\t\t\t\t\t\t<\/div><\/div>\n\t\t\t\t\t\t\t\t\t\t\t<\/td>\n\t\t\t\t\t\t\t\t\t\t\t\t\t\t\t\t\t\t\t\t\t\t\t\t\t\t\t\t\t   \t\t\t\t\t\t\t\t\t\t\t<td colspan=\"\" rowspan=\"\" class=\"\" id=\"\">\n\t\t\t\t\t\t\t\t\t\t\t\t<div class=\"td-content-wrapper\"><div class=\"td-content\">\n\t\t\t\t\t\t\t\t\t\t\t\t\t4,7 g\t\t\t\t\t\t\t\t\t\t\t\t<\/div><\/div>\n\t\t\t\t\t\t\t\t\t\t\t<\/td>\n\t\t\t\t\t\t\t\t\t\t\t\t\t\t\t\t\t\t\t\t\t\t\t\t\t\t<\/tr>\n\t\t\t        \t\t\t\t\t\t<tr>\n\t\t\t\t\t\t\t\t\t\t\t\t\t\t\t\t   \t\t\t\t\t\t\t\t\t\t\t<td colspan=\"\" rowspan=\"\" class=\"\" id=\"\">\n\t\t\t\t\t\t\t\t\t\t\t\t<div class=\"td-content-wrapper\"><div class=\"td-content\">\n\t\t\t\t\t\t\t\t\t\t\t\t\tSel\t\t\t\t\t\t\t\t\t\t\t\t<\/div><\/div>\n\t\t\t\t\t\t\t\t\t\t\t<\/td>\n\t\t\t\t\t\t\t\t\t\t\t\t\t\t\t\t\t\t\t\t\t\t\t\t\t\t\t\t\t   \t\t\t\t\t\t\t\t\t\t\t<td colspan=\"\" rowspan=\"\" class=\"\" id=\"\">\n\t\t\t\t\t\t\t\t\t\t\t\t<div class=\"td-content-wrapper\"><div class=\"td-content\">\n\t\t\t\t\t\t\t\t\t\t\t\t\t0,20 g\t\t\t\t\t\t\t\t\t\t\t\t<\/div><\/div>\n\t\t\t\t\t\t\t\t\t\t\t<\/td>\n\t\t\t\t\t\t\t\t\t\t\t\t\t\t\t\t\t\t\t\t\t\t\t\t\t\t<\/tr>\n\t\t\t        \t\t\t    <\/tbody>\n\t\t\t<\/table>\n\t\t<\/div>\n\t  \t\t\t\t\t<\/div>\n\t\t\t\t<\/div>\n\t\t\t\t<div class=\"elementor-element elementor-element-c1625d7 elementor-widget elementor-widget-text-editor\" data-id=\"c1625d7\" data-element_type=\"widget\" data-widget_type=\"text-editor.default\">\n\t\t\t\t<div class=\"elementor-widget-container\">\n\t\t\t\t\t\t\t\t\t<p>P\u00e2tisserie \u00e0 la cr\u00e8me au mascarpone 21,6%, avec g\u00e9noise 8,7%, saupoudr\u00e9e de brisures de sp\u00e9culoos 2,9%<br \/>et coulis noisette et cacao 11,5%<\/p><p><br \/><strong>Produit surgel\u00e9<\/strong><\/p><p><strong>Ingr\u00e9dients :<\/strong> M\u00e9lange de cr\u00e8me et de mascarpone [cr\u00e8me de <strong>LAIT<\/strong> pasteuris\u00e9e, mascarpone 21,6% (cr\u00e8mede <strong>LAIT<\/strong>, acide citrique), <strong>LAIT<\/strong> \u00e9cr\u00e9m\u00e9 en poudre, stabilisant : E401], coulis <strong>NOISETTE<\/strong> et cacao 11,5%<br \/>[fourrage cacao <strong>NOISETTE<\/strong> 6,5% (sucre, mati\u00e8res grasses v\u00e9g\u00e9tales : colza &#8211; karit\u00e9 &#8211; coprah, <strong>NOISETTES<\/strong> 0,8%, cacao maigre en poudre 0,5%, <strong>LAIT<\/strong> \u00e9cr\u00e9m\u00e9 en poudre, \u00e9mulsifiant : l\u00e9cithines de <strong>SOJA<\/strong>, ar\u00f4me), <strong>LAIT<\/strong> demi-\u00e9cr\u00e9m\u00e9, sucre, stabilisant : E415], jaune <strong>d&#8217;\u0152UF<\/strong>, g\u00e9noise 8,7% [farine de <strong>BLE<\/strong>, amidon de <strong>BLE<\/strong>, amidon de riz, \u00e9mulsifiant : E475, sel, extrait de carotte, ar\u00f4me naturel de vanille, enzyme (alpha-amylase), sucre, <strong>\u0152UF<\/strong> entier, eau, poudre \u00e0 lever], sucre, blanc d&#8217; <strong>\u0152UF<\/strong>, sp\u00e9culoos en poudre 2,9% [farine de <strong>BLE<\/strong>, sucre,<br \/>huiles v\u00e9g\u00e9tales (palme, colza), sirop de sucre candi, poudre \u00e0 lever : E500, sel, cannelle].<\/p>\t\t\t\t\t\t\t\t<\/div>\n\t\t\t\t<\/div>\n\t\t\t\t<\/div>\n\t\t\t\t\t<\/div>\n\t\t\t\t<\/div>\n\t\t\t\t<\/div>\n\t\t","protected":false},"excerpt":{"rendered":"<p>TIRAMISU Chocolat Noisette Sp\u00e9culoos Envie de commercialiser nos produits ? Contactez-nous pour une collaboration savoureuse ! Devenir partenaire Valeurs nutritionnelles moyennes pour 100g Energie 1437 kJ &#8211; 346 kcal Mati\u00e8res grasses dont acides gras satur\u00e9s 25,9 g &#8211; 16 g Glucides dont sucres 23,3 g &#8211; 20;6 g Prot\u00e9ines 4,7 g Sel 0,20 g P\u00e2tisserie \u00e0 la cr\u00e8me au mascarpone 21,6%, avec g\u00e9noise 8,7%, saupoudr\u00e9e de brisures de sp\u00e9culoos 2,9%et coulis noisette et cacao 11,5% Produit surgel\u00e9 Ingr\u00e9dients : M\u00e9lange de cr\u00e8me et de mascarpone [cr\u00e8me de LAIT pasteuris\u00e9e, mascarpone 21,6% (cr\u00e8mede LAIT, acide citrique), LAIT \u00e9cr\u00e9m\u00e9 en poudre, stabilisant : E401], coulis NOISETTE et cacao 11,5%[fourrage cacao NOISETTE 6,5% (sucre, mati\u00e8res grasses v\u00e9g\u00e9tales : colza &#8211; karit\u00e9 &#8211; coprah, NOISETTES 0,8%, cacao maigre en poudre 0,5%, LAIT \u00e9cr\u00e9m\u00e9 en poudre, \u00e9mulsifiant : l\u00e9cithines de SOJA, ar\u00f4me), LAIT demi-\u00e9cr\u00e9m\u00e9, sucre, stabilisant : E415], jaune d&#8217;\u0152UF, g\u00e9noise 8,7% [farine de BLE, amidon de BLE, amidon de riz, \u00e9mulsifiant : E475, sel, extrait de carotte, ar\u00f4me naturel de vanille, enzyme (alpha-amylase), sucre, \u0152UF entier, eau, poudre \u00e0 lever], sucre, blanc d&#8217; \u0152UF, sp\u00e9culoos en poudre 2,9% [farine de BLE, sucre,huiles v\u00e9g\u00e9tales (palme, colza), sirop de sucre candi, poudre \u00e0 lever : E500, sel, cannelle].<\/p>\n","protected":false},"author":1,"featured_media":0,"parent":0,"menu_order":0,"comment_status":"closed","ping_status":"closed","template":"","meta":{"footnotes":""},"class_list":["post-1459","page","type-page","status-publish","hentry"],"yoast_head":"<!-- This site is optimized with the Yoast SEO plugin v24.3 - https:\/\/yoast.com\/wordpress\/plugins\/seo\/ -->\n<title>Tiramisu Choco Noisette Sp\u00e9culoos - Nubi-desserts<\/title>\n<meta name=\"robots\" content=\"index, follow, max-snippet:-1, max-image-preview:large, max-video-preview:-1\" \/>\n<link rel=\"canonical\" href=\"https:\/\/nubi-desserts.fr\/index.php\/tiramisu-choco-noisette-speculoos\/\" \/>\n<meta property=\"og:locale\" content=\"en_US\" \/>\n<meta property=\"og:type\" content=\"article\" \/>\n<meta property=\"og:title\" content=\"Tiramisu Choco Noisette Sp\u00e9culoos - Nubi-desserts\" \/>\n<meta property=\"og:description\" content=\"TIRAMISU Chocolat Noisette Sp\u00e9culoos Envie de commercialiser nos produits ? Contactez-nous pour une collaboration savoureuse ! Devenir partenaire Valeurs nutritionnelles moyennes pour 100g Energie 1437 kJ &#8211; 346 kcal Mati\u00e8res grasses dont acides gras satur\u00e9s 25,9 g &#8211; 16 g Glucides dont sucres 23,3 g &#8211; 20;6 g Prot\u00e9ines 4,7 g Sel 0,20 g P\u00e2tisserie \u00e0 la cr\u00e8me au mascarpone 21,6%, avec g\u00e9noise 8,7%, saupoudr\u00e9e de brisures de sp\u00e9culoos 2,9%et coulis noisette et cacao 11,5% Produit surgel\u00e9 Ingr\u00e9dients : M\u00e9lange de cr\u00e8me et de mascarpone [cr\u00e8me de LAIT pasteuris\u00e9e, mascarpone 21,6% (cr\u00e8mede LAIT, acide citrique), LAIT \u00e9cr\u00e9m\u00e9 en poudre, stabilisant : E401], coulis NOISETTE et cacao 11,5%[fourrage cacao NOISETTE 6,5% (sucre, mati\u00e8res grasses v\u00e9g\u00e9tales : colza &#8211; karit\u00e9 &#8211; coprah, NOISETTES 0,8%, cacao maigre en poudre 0,5%, LAIT \u00e9cr\u00e9m\u00e9 en poudre, \u00e9mulsifiant : l\u00e9cithines de SOJA, ar\u00f4me), LAIT demi-\u00e9cr\u00e9m\u00e9, sucre, stabilisant : E415], jaune d&#8217;\u0152UF, g\u00e9noise 8,7% [farine de BLE, amidon de BLE, amidon de riz, \u00e9mulsifiant : E475, sel, extrait de carotte, ar\u00f4me naturel de vanille, enzyme (alpha-amylase), sucre, \u0152UF entier, eau, poudre \u00e0 lever], sucre, blanc d&#8217; \u0152UF, sp\u00e9culoos en poudre 2,9% [farine de BLE, sucre,huiles v\u00e9g\u00e9tales (palme, colza), sirop de sucre candi, poudre \u00e0 lever : E500, sel, cannelle].\" \/>\n<meta property=\"og:url\" content=\"https:\/\/nubi-desserts.fr\/index.php\/tiramisu-choco-noisette-speculoos\/\" \/>\n<meta property=\"og:site_name\" content=\"Nubi-desserts\" \/>\n<meta property=\"article:modified_time\" content=\"2024-06-17T08:32:54+00:00\" \/>\n<meta property=\"og:image\" content=\"http:\/\/nubi-desserts.fr\/wp-content\/uploads\/2024\/06\/choconoisette-spe-min-1024x1024.webp\" \/>\n<meta name=\"twitter:card\" content=\"summary_large_image\" \/>\n<meta name=\"twitter:label1\" content=\"Est. reading time\" \/>\n\t<meta name=\"twitter:data1\" content=\"2 minutes\" \/>\n<script type=\"application\/ld+json\" class=\"yoast-schema-graph\">{\"@context\":\"https:\/\/schema.org\",\"@graph\":[{\"@type\":\"WebPage\",\"@id\":\"https:\/\/nubi-desserts.fr\/index.php\/tiramisu-choco-noisette-speculoos\/\",\"url\":\"https:\/\/nubi-desserts.fr\/index.php\/tiramisu-choco-noisette-speculoos\/\",\"name\":\"Tiramisu Choco Noisette Sp\u00e9culoos - Nubi-desserts\",\"isPartOf\":{\"@id\":\"https:\/\/nubi-desserts.fr\/#website\"},\"primaryImageOfPage\":{\"@id\":\"https:\/\/nubi-desserts.fr\/index.php\/tiramisu-choco-noisette-speculoos\/#primaryimage\"},\"image\":{\"@id\":\"https:\/\/nubi-desserts.fr\/index.php\/tiramisu-choco-noisette-speculoos\/#primaryimage\"},\"thumbnailUrl\":\"http:\/\/nubi-desserts.fr\/wp-content\/uploads\/2024\/06\/choconoisette-spe-min-1024x1024.webp\",\"datePublished\":\"2024-06-09T21:59:38+00:00\",\"dateModified\":\"2024-06-17T08:32:54+00:00\",\"breadcrumb\":{\"@id\":\"https:\/\/nubi-desserts.fr\/index.php\/tiramisu-choco-noisette-speculoos\/#breadcrumb\"},\"inLanguage\":\"en-US\",\"potentialAction\":[{\"@type\":\"ReadAction\",\"target\":[\"https:\/\/nubi-desserts.fr\/index.php\/tiramisu-choco-noisette-speculoos\/\"]}]},{\"@type\":\"ImageObject\",\"inLanguage\":\"en-US\",\"@id\":\"https:\/\/nubi-desserts.fr\/index.php\/tiramisu-choco-noisette-speculoos\/#primaryimage\",\"url\":\"https:\/\/nubi-desserts.fr\/wp-content\/uploads\/2024\/06\/choconoisette-spe-min.webp\",\"contentUrl\":\"https:\/\/nubi-desserts.fr\/wp-content\/uploads\/2024\/06\/choconoisette-spe-min.webp\",\"width\":2000,\"height\":2000},{\"@type\":\"BreadcrumbList\",\"@id\":\"https:\/\/nubi-desserts.fr\/index.php\/tiramisu-choco-noisette-speculoos\/#breadcrumb\",\"itemListElement\":[{\"@type\":\"ListItem\",\"position\":1,\"name\":\"Accueil\",\"item\":\"https:\/\/nubi-desserts.fr\/\"},{\"@type\":\"ListItem\",\"position\":2,\"name\":\"Tiramisu Choco Noisette Sp\u00e9culoos\"}]},{\"@type\":\"WebSite\",\"@id\":\"https:\/\/nubi-desserts.fr\/#website\",\"url\":\"https:\/\/nubi-desserts.fr\/\",\"name\":\"Nubi-desserts\",\"description\":\"Nubi fournisseur de plaisirs\",\"potentialAction\":[{\"@type\":\"SearchAction\",\"target\":{\"@type\":\"EntryPoint\",\"urlTemplate\":\"https:\/\/nubi-desserts.fr\/?s={search_term_string}\"},\"query-input\":{\"@type\":\"PropertyValueSpecification\",\"valueRequired\":true,\"valueName\":\"search_term_string\"}}],\"inLanguage\":\"en-US\"}]}<\/script>\n<!-- \/ Yoast SEO plugin. -->","yoast_head_json":{"title":"Tiramisu Choco Noisette Sp\u00e9culoos - Nubi-desserts","robots":{"index":"index","follow":"follow","max-snippet":"max-snippet:-1","max-image-preview":"max-image-preview:large","max-video-preview":"max-video-preview:-1"},"canonical":"https:\/\/nubi-desserts.fr\/index.php\/tiramisu-choco-noisette-speculoos\/","og_locale":"en_US","og_type":"article","og_title":"Tiramisu Choco Noisette Sp\u00e9culoos - Nubi-desserts","og_description":"TIRAMISU Chocolat Noisette Sp\u00e9culoos Envie de commercialiser nos produits ? Contactez-nous pour une collaboration savoureuse ! Devenir partenaire Valeurs nutritionnelles moyennes pour 100g Energie 1437 kJ &#8211; 346 kcal Mati\u00e8res grasses dont acides gras satur\u00e9s 25,9 g &#8211; 16 g Glucides dont sucres 23,3 g &#8211; 20;6 g Prot\u00e9ines 4,7 g Sel 0,20 g P\u00e2tisserie \u00e0 la cr\u00e8me au mascarpone 21,6%, avec g\u00e9noise 8,7%, saupoudr\u00e9e de brisures de sp\u00e9culoos 2,9%et coulis noisette et cacao 11,5% Produit surgel\u00e9 Ingr\u00e9dients : M\u00e9lange de cr\u00e8me et de mascarpone [cr\u00e8me de LAIT pasteuris\u00e9e, mascarpone 21,6% (cr\u00e8mede LAIT, acide citrique), LAIT \u00e9cr\u00e9m\u00e9 en poudre, stabilisant : E401], coulis NOISETTE et cacao 11,5%[fourrage cacao NOISETTE 6,5% (sucre, mati\u00e8res grasses v\u00e9g\u00e9tales : colza &#8211; karit\u00e9 &#8211; coprah, NOISETTES 0,8%, cacao maigre en poudre 0,5%, LAIT \u00e9cr\u00e9m\u00e9 en poudre, \u00e9mulsifiant : l\u00e9cithines de SOJA, ar\u00f4me), LAIT demi-\u00e9cr\u00e9m\u00e9, sucre, stabilisant : E415], jaune d&#8217;\u0152UF, g\u00e9noise 8,7% [farine de BLE, amidon de BLE, amidon de riz, \u00e9mulsifiant : E475, sel, extrait de carotte, ar\u00f4me naturel de vanille, enzyme (alpha-amylase), sucre, \u0152UF entier, eau, poudre \u00e0 lever], sucre, blanc d&#8217; \u0152UF, sp\u00e9culoos en poudre 2,9% [farine de BLE, sucre,huiles v\u00e9g\u00e9tales (palme, colza), sirop de sucre candi, poudre \u00e0 lever : E500, sel, cannelle].","og_url":"https:\/\/nubi-desserts.fr\/index.php\/tiramisu-choco-noisette-speculoos\/","og_site_name":"Nubi-desserts","article_modified_time":"2024-06-17T08:32:54+00:00","og_image":[{"url":"http:\/\/nubi-desserts.fr\/wp-content\/uploads\/2024\/06\/choconoisette-spe-min-1024x1024.webp","type":"","width":"","height":""}],"twitter_card":"summary_large_image","twitter_misc":{"Est. reading time":"2 minutes"},"schema":{"@context":"https:\/\/schema.org","@graph":[{"@type":"WebPage","@id":"https:\/\/nubi-desserts.fr\/index.php\/tiramisu-choco-noisette-speculoos\/","url":"https:\/\/nubi-desserts.fr\/index.php\/tiramisu-choco-noisette-speculoos\/","name":"Tiramisu Choco Noisette Sp\u00e9culoos - Nubi-desserts","isPartOf":{"@id":"https:\/\/nubi-desserts.fr\/#website"},"primaryImageOfPage":{"@id":"https:\/\/nubi-desserts.fr\/index.php\/tiramisu-choco-noisette-speculoos\/#primaryimage"},"image":{"@id":"https:\/\/nubi-desserts.fr\/index.php\/tiramisu-choco-noisette-speculoos\/#primaryimage"},"thumbnailUrl":"http:\/\/nubi-desserts.fr\/wp-content\/uploads\/2024\/06\/choconoisette-spe-min-1024x1024.webp","datePublished":"2024-06-09T21:59:38+00:00","dateModified":"2024-06-17T08:32:54+00:00","breadcrumb":{"@id":"https:\/\/nubi-desserts.fr\/index.php\/tiramisu-choco-noisette-speculoos\/#breadcrumb"},"inLanguage":"en-US","potentialAction":[{"@type":"ReadAction","target":["https:\/\/nubi-desserts.fr\/index.php\/tiramisu-choco-noisette-speculoos\/"]}]},{"@type":"ImageObject","inLanguage":"en-US","@id":"https:\/\/nubi-desserts.fr\/index.php\/tiramisu-choco-noisette-speculoos\/#primaryimage","url":"https:\/\/nubi-desserts.fr\/wp-content\/uploads\/2024\/06\/choconoisette-spe-min.webp","contentUrl":"https:\/\/nubi-desserts.fr\/wp-content\/uploads\/2024\/06\/choconoisette-spe-min.webp","width":2000,"height":2000},{"@type":"BreadcrumbList","@id":"https:\/\/nubi-desserts.fr\/index.php\/tiramisu-choco-noisette-speculoos\/#breadcrumb","itemListElement":[{"@type":"ListItem","position":1,"name":"Accueil","item":"https:\/\/nubi-desserts.fr\/"},{"@type":"ListItem","position":2,"name":"Tiramisu Choco Noisette Sp\u00e9culoos"}]},{"@type":"WebSite","@id":"https:\/\/nubi-desserts.fr\/#website","url":"https:\/\/nubi-desserts.fr\/","name":"Nubi-desserts","description":"Nubi fournisseur de plaisirs","potentialAction":[{"@type":"SearchAction","target":{"@type":"EntryPoint","urlTemplate":"https:\/\/nubi-desserts.fr\/?s={search_term_string}"},"query-input":{"@type":"PropertyValueSpecification","valueRequired":true,"valueName":"search_term_string"}}],"inLanguage":"en-US"}]}},"_links":{"self":[{"href":"https:\/\/nubi-desserts.fr\/index.php\/wp-json\/wp\/v2\/pages\/1459","targetHints":{"allow":["GET"]}}],"collection":[{"href":"https:\/\/nubi-desserts.fr\/index.php\/wp-json\/wp\/v2\/pages"}],"about":[{"href":"https:\/\/nubi-desserts.fr\/index.php\/wp-json\/wp\/v2\/types\/page"}],"author":[{"embeddable":true,"href":"https:\/\/nubi-desserts.fr\/index.php\/wp-json\/wp\/v2\/users\/1"}],"replies":[{"embeddable":true,"href":"https:\/\/nubi-desserts.fr\/index.php\/wp-json\/wp\/v2\/comments?post=1459"}],"version-history":[{"count":43,"href":"https:\/\/nubi-desserts.fr\/index.php\/wp-json\/wp\/v2\/pages\/1459\/revisions"}],"predecessor-version":[{"id":2531,"href":"https:\/\/nubi-desserts.fr\/index.php\/wp-json\/wp\/v2\/pages\/1459\/revisions\/2531"}],"wp:attachment":[{"href":"https:\/\/nubi-desserts.fr\/index.php\/wp-json\/wp\/v2\/media?parent=1459"}],"curies":[{"name":"wp","href":"https:\/\/api.w.org\/{rel}","templated":true}]}}